{"id":82,"date":"2024-05-27T03:19:10","date_gmt":"2024-05-27T03:19:10","guid":{"rendered":"https:\/\/elinstituto.io\/cdt24\/?page_id=82"},"modified":"2024-06-19T21:13:11","modified_gmt":"2024-06-19T21:13:11","slug":"elige-tu-forma-de-inscripcion","status":"publish","type":"page","link":"https:\/\/elinstituto.io\/cdt24\/elige-tu-forma-de-inscripcion\/","title":{"rendered":"Elige tu forma de inscripcion"},"content":{"rendered":"\t\t<div data-elementor-type=\"wp-page\" data-elementor-id=\"82\" class=\"elementor elementor-82\">\n\t\t\t\t<div class=\"elementor-element elementor-element-41170d76 e-flex e-con-boxed e-con e-parent\" data-id=\"41170d76\" data-element_type=\"container\" data-settings=\"{&quot;background_background&quot;:&quot;classic&quot;}\">\n\t\t\t\t\t<div class=\"e-con-inner\">\n\t\t\t\t<div class=\"elementor-element elementor-element-e54fc64 elementor-widget elementor-widget-heading\" data-id=\"e54fc64\" data-element_type=\"widget\" data-widget_type=\"heading.default\">\n\t\t\t\t<div class=\"elementor-widget-container\">\n\t\t\t<style>\/*! elementor - v3.23.0 - 25-07-2024 *\/\n.elementor-heading-title{padding:0;margin:0;line-height:1}.elementor-widget-heading .elementor-heading-title[class*=elementor-size-]>a{color:inherit;font-size:inherit;line-height:inherit}.elementor-widget-heading .elementor-heading-title.elementor-size-small{font-size:15px}.elementor-widget-heading .elementor-heading-title.elementor-size-medium{font-size:19px}.elementor-widget-heading .elementor-heading-title.elementor-size-large{font-size:29px}.elementor-widget-heading .elementor-heading-title.elementor-size-xl{font-size:39px}.elementor-widget-heading .elementor-heading-title.elementor-size-xxl{font-size:59px}<\/style><h2 class=\"elementor-heading-title elementor-size-default\">Elige tu forma de inscripci\u00f3n<\/h2>\t\t<\/div>\n\t\t\t\t<\/div>\n\t\t\t\t<div class=\"elementor-element elementor-element-546d0c22 elementor-widget elementor-widget-spacer\" data-id=\"546d0c22\" data-element_type=\"widget\" data-widget_type=\"spacer.default\">\n\t\t\t\t<div class=\"elementor-widget-container\">\n\t\t\t<style>\/*! elementor - v3.23.0 - 25-07-2024 *\/\n.elementor-column .elementor-spacer-inner{height:var(--spacer-size)}.e-con{--container-widget-width:100%}.e-con-inner>.elementor-widget-spacer,.e-con>.elementor-widget-spacer{width:var(--container-widget-width,var(--spacer-size));--align-self:var(--container-widget-align-self,initial);--flex-shrink:0}.e-con-inner>.elementor-widget-spacer>.elementor-widget-container,.e-con>.elementor-widget-spacer>.elementor-widget-container{height:100%;width:100%}.e-con-inner>.elementor-widget-spacer>.elementor-widget-container>.elementor-spacer,.e-con>.elementor-widget-spacer>.elementor-widget-container>.elementor-spacer{height:100%}.e-con-inner>.elementor-widget-spacer>.elementor-widget-container>.elementor-spacer>.elementor-spacer-inner,.e-con>.elementor-widget-spacer>.elementor-widget-container>.elementor-spacer>.elementor-spacer-inner{height:var(--container-widget-height,var(--spacer-size))}.e-con-inner>.elementor-widget-spacer.elementor-widget-empty,.e-con>.elementor-widget-spacer.elementor-widget-empty{position:relative;min-height:22px;min-width:22px}.e-con-inner>.elementor-widget-spacer.elementor-widget-empty .elementor-widget-empty-icon,.e-con>.elementor-widget-spacer.elementor-widget-empty .elementor-widget-empty-icon{position:absolute;top:0;bottom:0;left:0;right:0;margin:auto;padding:0;width:22px;height:22px}<\/style>\t\t<div class=\"elementor-spacer\">\n\t\t\t<div class=\"elementor-spacer-inner\"><\/div>\n\t\t<\/div>\n\t\t\t\t<\/div>\n\t\t\t\t<\/div>\n\t\t<div class=\"elementor-element elementor-element-44809ef e-con-full e-flex e-con e-child\" data-id=\"44809ef\" data-element_type=\"container\">\n\t\t<div class=\"elementor-element elementor-element-3927a6 e-con-full e-flex e-con e-child\" data-id=\"3927a6\" data-element_type=\"container\">\n\t\t\t\t<div class=\"elementor-element elementor-element-616344b9 elementor-widget elementor-widget-button\" data-id=\"616344b9\" data-element_type=\"widget\" data-widget_type=\"button.default\">\n\t\t\t\t<div class=\"elementor-widget-container\">\n\t\t\t\t\t<div class=\"elementor-button-wrapper\">\n\t\t\t<a class=\"elementor-button elementor-button-link elementor-size-sm\" href=\"https:\/\/elinstituto.io\/cdt24\/product\/i-congreso-de-derecho-tributario\/\" id=\"{{Form URL}}\">\n\t\t\t\t\t\t<span class=\"elementor-button-content-wrapper\">\n\t\t\t\t\t\t\t\t\t<span class=\"elementor-button-text\">Inscripci\u00f3n r\u00e1pida<\/span>\n\t\t\t\t\t<\/span>\n\t\t\t\t\t<\/a>\n\t\t<\/div>\n\t\t\t\t<\/div>\n\t\t\t\t<\/div>\n\t\t\t\t<div class=\"elementor-element elementor-element-118a8831 elementor-widget elementor-widget-heading\" data-id=\"118a8831\" data-element_type=\"widget\" data-widget_type=\"heading.default\">\n\t\t\t\t<div class=\"elementor-widget-container\">\n\t\t\t<h2 class=\"elementor-heading-title elementor-size-default\">V\u00e1lido solo con tarjetas de d\u00e9bito o cr\u00e9dito Visa o Mastercard. *Tarjetas AMEX o Diners Club deber\u00e1n inscribirse con un asesor.<\/h2>\t\t<\/div>\n\t\t\t\t<\/div>\n\t\t\t\t<\/div>\n\t\t<div class=\"elementor-element elementor-element-5d3e66b1 e-con-full e-flex e-con e-child\" data-id=\"5d3e66b1\" data-element_type=\"container\">\n\t\t\t\t<div class=\"elementor-element elementor-element-6bbcea3b elementor-align-left elementor-widget elementor-widget-button\" data-id=\"6bbcea3b\" data-element_type=\"widget\" data-widget_type=\"button.default\">\n\t\t\t\t<div class=\"elementor-widget-container\">\n\t\t\t\t\t<div class=\"elementor-button-wrapper\">\n\t\t\t<a class=\"elementor-button elementor-button-link elementor-size-sm\" href=\"https:\/\/share.hsforms.com\/19gt_QY-TTnmX8p3IICp4lAea438\">\n\t\t\t\t\t\t<span class=\"elementor-button-content-wrapper\">\n\t\t\t\t\t\t\t\t\t<span class=\"elementor-button-text\">Inscribirme con un asesor<\/span>\n\t\t\t\t\t<\/span>\n\t\t\t\t\t<\/a>\n\t\t<\/div>\n\t\t\t\t<\/div>\n\t\t\t\t<\/div>\n\t\t\t\t<div class=\"elementor-element elementor-element-55e94ac6 elementor-widget elementor-widget-spacer\" data-id=\"55e94ac6\" data-element_type=\"widget\" data-widget_type=\"spacer.default\">\n\t\t\t\t<div class=\"elementor-widget-container\">\n\t\t\t\t\t<div class=\"elementor-spacer\">\n\t\t\t<div class=\"elementor-spacer-inner\"><\/div>\n\t\t<\/div>\n\t\t\t\t<\/div>\n\t\t\t\t<\/div>\n\t\t\t\t<\/div>\n\t\t\t\t<\/div>\n\t\t\t\t\t<\/div>\n\t\t\t\t<\/div>\n\t\t\t\t<\/div>\n\t\t","protected":false},"excerpt":{"rendered":"<p>Elige tu forma de inscripci\u00f3n Inscripci\u00f3n r\u00e1pida V\u00e1lido solo con tarjetas de d\u00e9bito o cr\u00e9dito Visa o Mastercard. *Tarjetas AMEX o Diners Club deber\u00e1n inscribirse con un asesor. Inscribirme con un asesor<\/p>\n","protected":false},"author":1,"featured_media":0,"parent":0,"menu_order":0,"comment_status":"closed","ping_status":"closed","template":"elementor_canvas","meta":{"footnotes":""},"yoast_head":"<!-- This site is optimized with the Yoast SEO plugin v22.9 - https:\/\/yoast.com\/wordpress\/plugins\/seo\/ -->\n<title>Elige tu forma de inscripcion - Congreso de Derecho Tributario<\/title>\n<meta name=\"robots\" content=\"index, follow, max-snippet:-1, max-image-preview:large, max-video-preview:-1\" \/>\n<link rel=\"canonical\" href=\"https:\/\/elinstituto.io\/cdt24\/elige-tu-forma-de-inscripcion\/\" \/>\n<meta property=\"og:locale\" content=\"en_US\" \/>\n<meta property=\"og:type\" content=\"article\" \/>\n<meta property=\"og:title\" content=\"Elige tu forma de inscripcion - Congreso de Derecho Tributario\" \/>\n<meta property=\"og:description\" content=\"Elige tu forma de inscripci\u00f3n Inscripci\u00f3n r\u00e1pida V\u00e1lido solo con tarjetas de d\u00e9bito o cr\u00e9dito Visa o Mastercard. *Tarjetas AMEX o Diners Club deber\u00e1n inscribirse con un asesor. Inscribirme con un asesor\" \/>\n<meta property=\"og:url\" content=\"https:\/\/elinstituto.io\/cdt24\/elige-tu-forma-de-inscripcion\/\" \/>\n<meta property=\"og:site_name\" content=\"Congreso de Derecho Tributario\" \/>\n<meta property=\"article:modified_time\" content=\"2024-06-19T21:13:11+00:00\" \/>\n<meta name=\"twitter:card\" content=\"summary_large_image\" \/>\n<meta name=\"twitter:label1\" content=\"Est. reading time\" \/>\n\t<meta name=\"twitter:data1\" content=\"1 minute\" \/>\n<script type=\"application\/ld+json\" class=\"yoast-schema-graph\">{\"@context\":\"https:\/\/schema.org\",\"@graph\":[{\"@type\":\"WebPage\",\"@id\":\"https:\/\/elinstituto.io\/cdt24\/elige-tu-forma-de-inscripcion\/\",\"url\":\"https:\/\/elinstituto.io\/cdt24\/elige-tu-forma-de-inscripcion\/\",\"name\":\"Elige tu forma de inscripcion - Congreso de Derecho Tributario\",\"isPartOf\":{\"@id\":\"https:\/\/elinstituto.io\/cdt24\/#website\"},\"datePublished\":\"2024-05-27T03:19:10+00:00\",\"dateModified\":\"2024-06-19T21:13:11+00:00\",\"breadcrumb\":{\"@id\":\"https:\/\/elinstituto.io\/cdt24\/elige-tu-forma-de-inscripcion\/#breadcrumb\"},\"inLanguage\":\"en-US\",\"potentialAction\":[{\"@type\":\"ReadAction\",\"target\":[\"https:\/\/elinstituto.io\/cdt24\/elige-tu-forma-de-inscripcion\/\"]}]},{\"@type\":\"BreadcrumbList\",\"@id\":\"https:\/\/elinstituto.io\/cdt24\/elige-tu-forma-de-inscripcion\/#breadcrumb\",\"itemListElement\":[{\"@type\":\"ListItem\",\"position\":1,\"name\":\"Home\",\"item\":\"https:\/\/elinstituto.io\/cdt24\/\"},{\"@type\":\"ListItem\",\"position\":2,\"name\":\"Elige tu forma de inscripcion\"}]},{\"@type\":\"WebSite\",\"@id\":\"https:\/\/elinstituto.io\/cdt24\/#website\",\"url\":\"https:\/\/elinstituto.io\/cdt24\/\",\"name\":\"Congreso de Derecho Tributario\",\"description\":\"\",\"potentialAction\":[{\"@type\":\"SearchAction\",\"target\":{\"@type\":\"EntryPoint\",\"urlTemplate\":\"https:\/\/elinstituto.io\/cdt24\/?s={search_term_string}\"},\"query-input\":\"required name=search_term_string\"}],\"inLanguage\":\"en-US\"}]}<\/script>\n<!-- \/ Yoast SEO plugin. -->","yoast_head_json":{"title":"Elige tu forma de inscripcion - Congreso de Derecho Tributario","robots":{"index":"index","follow":"follow","max-snippet":"max-snippet:-1","max-image-preview":"max-image-preview:large","max-video-preview":"max-video-preview:-1"},"canonical":"https:\/\/elinstituto.io\/cdt24\/elige-tu-forma-de-inscripcion\/","og_locale":"en_US","og_type":"article","og_title":"Elige tu forma de inscripcion - Congreso de Derecho Tributario","og_description":"Elige tu forma de inscripci\u00f3n Inscripci\u00f3n r\u00e1pida V\u00e1lido solo con tarjetas de d\u00e9bito o cr\u00e9dito Visa o Mastercard. *Tarjetas AMEX o Diners Club deber\u00e1n inscribirse con un asesor. Inscribirme con un asesor","og_url":"https:\/\/elinstituto.io\/cdt24\/elige-tu-forma-de-inscripcion\/","og_site_name":"Congreso de Derecho Tributario","article_modified_time":"2024-06-19T21:13:11+00:00","twitter_card":"summary_large_image","twitter_misc":{"Est. reading time":"1 minute"},"schema":{"@context":"https:\/\/schema.org","@graph":[{"@type":"WebPage","@id":"https:\/\/elinstituto.io\/cdt24\/elige-tu-forma-de-inscripcion\/","url":"https:\/\/elinstituto.io\/cdt24\/elige-tu-forma-de-inscripcion\/","name":"Elige tu forma de inscripcion - Congreso de Derecho Tributario","isPartOf":{"@id":"https:\/\/elinstituto.io\/cdt24\/#website"},"datePublished":"2024-05-27T03:19:10+00:00","dateModified":"2024-06-19T21:13:11+00:00","breadcrumb":{"@id":"https:\/\/elinstituto.io\/cdt24\/elige-tu-forma-de-inscripcion\/#breadcrumb"},"inLanguage":"en-US","potentialAction":[{"@type":"ReadAction","target":["https:\/\/elinstituto.io\/cdt24\/elige-tu-forma-de-inscripcion\/"]}]},{"@type":"BreadcrumbList","@id":"https:\/\/elinstituto.io\/cdt24\/elige-tu-forma-de-inscripcion\/#breadcrumb","itemListElement":[{"@type":"ListItem","position":1,"name":"Home","item":"https:\/\/elinstituto.io\/cdt24\/"},{"@type":"ListItem","position":2,"name":"Elige tu forma de inscripcion"}]},{"@type":"WebSite","@id":"https:\/\/elinstituto.io\/cdt24\/#website","url":"https:\/\/elinstituto.io\/cdt24\/","name":"Congreso de Derecho Tributario","description":"","potentialAction":[{"@type":"SearchAction","target":{"@type":"EntryPoint","urlTemplate":"https:\/\/elinstituto.io\/cdt24\/?s={search_term_string}"},"query-input":"required name=search_term_string"}],"inLanguage":"en-US"}]}},"_links":{"self":[{"href":"https:\/\/elinstituto.io\/cdt24\/wp-json\/wp\/v2\/pages\/82"}],"collection":[{"href":"https:\/\/elinstituto.io\/cdt24\/wp-json\/wp\/v2\/pages"}],"about":[{"href":"https:\/\/elinstituto.io\/cdt24\/wp-json\/wp\/v2\/types\/page"}],"author":[{"embeddable":true,"href":"https:\/\/elinstituto.io\/cdt24\/wp-json\/wp\/v2\/users\/1"}],"replies":[{"embeddable":true,"href":"https:\/\/elinstituto.io\/cdt24\/wp-json\/wp\/v2\/comments?post=82"}],"version-history":[{"count":28,"href":"https:\/\/elinstituto.io\/cdt24\/wp-json\/wp\/v2\/pages\/82\/revisions"}],"predecessor-version":[{"id":291,"href":"https:\/\/elinstituto.io\/cdt24\/wp-json\/wp\/v2\/pages\/82\/revisions\/291"}],"wp:attachment":[{"href":"https:\/\/elinstituto.io\/cdt24\/wp-json\/wp\/v2\/media?parent=82"}],"curies":[{"name":"wp","href":"https:\/\/api.w.org\/{rel}","templated":true}]}}